{"id":12900,"date":"2021-09-08T14:36:26","date_gmt":"2021-09-08T12:36:26","guid":{"rendered":"https:\/\/apprendre-efficacement.fr\/?page_id=12900"},"modified":"2023-04-16T14:59:54","modified_gmt":"2023-04-16T12:59:54","slug":"prise-de-rv-2","status":"publish","type":"page","link":"https:\/\/valeriedauchez.com\/en\/prise-de-rv-2\/","title":{"rendered":"PRISE DE RV"},"content":{"rendered":"<p><strong>Si vous souhaitez en savoir plus sur <\/strong><\/p>\n<p><strong>&#8211; MON ACCOMPAGNEMENT:<\/strong><\/p>\n<p>Ecrivez-moi un mail pour prendre un RV t\u00e9l\u00e9phonique (ou en visio) et que nous puissions voir ensemble ce dont vous avez besoin (ou votre enfant) pour REPRENDRE LE CONTROLE DE VOTRE VIE !<\/p>\n<p>@ : dauchez.val@gmail.com ou au 06 27 71 98 89<\/p>\n<p>\u00a0<\/p>\n\n\n\n\n<br \/><!-- D\u00e9but de widget en ligne Calendly --><\/p>\n\u00a0\n<p><br \/><!-- Fin de widget en ligne Calendly --><br \/>\n\n\n<p><strong>Diagnostique des besoins r\u00e9els du coach\u00e9: (45 min\/1h)<\/strong><\/p>\n<ul>\n<li>\n<h5>Prise de contact avec le coach\u00e9 : demande d\u2019informations\u00a0<\/h5>\n<\/li>\n<li>\n<h5>D\u00e9finition des besoins r\u00e9els et prioritaires du coach\u00e9\u00a0<\/h5>\n<\/li>\n<li>\n<h5>Mise en lumi\u00e8re des objectifs \u00e0 atteindre<\/h5>\n<\/li>\n<li>\n<h5>Prise d\u2019engagement via un contrat<\/h5>\n<\/li>\n<\/ul>\n\n\n\n\n<!-- D\u00e9but de widget en ligne Calendly -->\n<div class=\"calendly-inline-widget\" data-url=\"https:\/\/calendly.com\/dauchez-val\/diagnostique-coaching\" style=\"min-width:320px;height:630px;\"><\/div>\n<script type=\"text\/javascript\" src=\"https:\/\/assets.calendly.com\/assets\/external\/widget.js\" async=\"\"><\/script>\n<!-- Fin de widget en ligne Calendly -->\n\n\n","protected":false},"excerpt":{"rendered":"<p>Si vous souhaitez en savoir plus sur &#8211; MON ACCOMPAGNEMENT: Ecrivez-moi un mail pour prendre un RV t\u00e9l\u00e9phonique (ou en visio) et que nous puissions voir ensemble ce dont vous&#8230;<\/p>\n","protected":false},"author":1,"featured_media":0,"parent":0,"menu_order":0,"comment_status":"closed","ping_status":"closed","template":"","meta":{"_bbp_topic_count":0,"_bbp_reply_count":0,"_bbp_total_topic_count":0,"_bbp_total_reply_count":0,"_bbp_voice_count":0,"_bbp_anonymous_reply_count":0,"_bbp_topic_count_hidden":0,"_bbp_reply_count_hidden":0,"_bbp_forum_subforum_count":0,"pmpro_default_level":0,"_monsterinsights_skip_tracking":false,"_monsterinsights_sitenote_active":false,"_monsterinsights_sitenote_note":"","_monsterinsights_sitenote_category":0,"footnotes":""},"class_list":["post-12900","page","type-page","status-publish","hentry","pmpro-has-access"],"yoast_head":"<!-- This site is optimized with the Yoast SEO plugin v22.0 - https:\/\/yoast.com\/wordpress\/plugins\/seo\/ -->\n<title>PRISE DE RV - Val\u00e9rie Dauchez<\/title>\n<meta name=\"robots\" content=\"index, follow, max-snippet:-1, max-image-preview:large, max-video-preview:-1\" \/>\n<link rel=\"canonical\" href=\"https:\/\/valeriedauchez.com\/prise-de-rv-2\/\" \/>\n<meta property=\"og:locale\" content=\"en_US\" \/>\n<meta property=\"og:type\" content=\"article\" \/>\n<meta property=\"og:title\" content=\"PRISE DE RV - Val\u00e9rie Dauchez\" \/>\n<meta property=\"og:description\" content=\"Si vous souhaitez en savoir plus sur &#8211; MON ACCOMPAGNEMENT: Ecrivez-moi un mail pour prendre un RV t\u00e9l\u00e9phonique (ou en visio) et que nous puissions voir ensemble ce dont vous...\" \/>\n<meta property=\"og:url\" content=\"https:\/\/valeriedauchez.com\/prise-de-rv-2\/\" \/>\n<meta property=\"og:site_name\" content=\"Val\u00e9rie Dauchez\" \/>\n<meta property=\"article:publisher\" content=\"https:\/\/www.facebook.com\/VD-Coaching-150244235648675\/\" \/>\n<meta property=\"article:modified_time\" content=\"2023-04-16T12:59:54+00:00\" \/>\n<meta name=\"twitter:card\" content=\"summary_large_image\" \/>\n<meta name=\"twitter:label1\" content=\"Est. reading time\" \/>\n\t<meta name=\"twitter:data1\" content=\"1 minute\" \/>\n<script type=\"application\/ld+json\" class=\"yoast-schema-graph\">{\"@context\":\"https:\/\/schema.org\",\"@graph\":[{\"@type\":\"WebPage\",\"@id\":\"https:\/\/valeriedauchez.com\/prise-de-rv-2\/\",\"url\":\"https:\/\/valeriedauchez.com\/prise-de-rv-2\/\",\"name\":\"PRISE DE RV - Val\u00e9rie Dauchez\",\"isPartOf\":{\"@id\":\"https:\/\/valeriedauchez.com\/#website\"},\"datePublished\":\"2021-09-08T12:36:26+00:00\",\"dateModified\":\"2023-04-16T12:59:54+00:00\",\"breadcrumb\":{\"@id\":\"https:\/\/valeriedauchez.com\/prise-de-rv-2\/#breadcrumb\"},\"inLanguage\":\"en-US\",\"potentialAction\":[{\"@type\":\"ReadAction\",\"target\":[\"https:\/\/valeriedauchez.com\/prise-de-rv-2\/\"]}]},{\"@type\":\"BreadcrumbList\",\"@id\":\"https:\/\/valeriedauchez.com\/prise-de-rv-2\/#breadcrumb\",\"itemListElement\":[{\"@type\":\"ListItem\",\"position\":1,\"name\":\"Accueil\",\"item\":\"https:\/\/valeriedauchez.com\/\"},{\"@type\":\"ListItem\",\"position\":2,\"name\":\"PRISE DE RV\"}]},{\"@type\":\"WebSite\",\"@id\":\"https:\/\/valeriedauchez.com\/#website\",\"url\":\"https:\/\/valeriedauchez.com\/\",\"name\":\"Val\u00e9rie Dauchez\",\"description\":\"Les jeunes sont le changement que nous voulons voir dans le monde!\",\"publisher\":{\"@id\":\"https:\/\/valeriedauchez.com\/#organization\"},\"potentialAction\":[{\"@type\":\"SearchAction\",\"target\":{\"@type\":\"EntryPoint\",\"urlTemplate\":\"https:\/\/valeriedauchez.com\/?s={search_term_string}\"},\"query-input\":\"required name=search_term_string\"}],\"inLanguage\":\"en-US\"},{\"@type\":\"Organization\",\"@id\":\"https:\/\/valeriedauchez.com\/#organization\",\"name\":\"VD Coaching\",\"url\":\"https:\/\/valeriedauchez.com\/\",\"logo\":{\"@type\":\"ImageObject\",\"inLanguage\":\"en-US\",\"@id\":\"https:\/\/valeriedauchez.com\/#\/schema\/logo\/image\/\",\"url\":\"https:\/\/apprendre-efficacement.fr\/wp-content\/uploads\/2018\/03\/LOGO-VD-Coahcing-1.jpg\",\"contentUrl\":\"https:\/\/apprendre-efficacement.fr\/wp-content\/uploads\/2018\/03\/LOGO-VD-Coahcing-1.jpg\",\"width\":819,\"height\":819,\"caption\":\"VD Coaching\"},\"image\":{\"@id\":\"https:\/\/valeriedauchez.com\/#\/schema\/logo\/image\/\"},\"sameAs\":[\"https:\/\/www.facebook.com\/VD-Coaching-150244235648675\/\"]}]}<\/script>\n<!-- \/ Yoast SEO plugin. -->","yoast_head_json":{"title":"PRISE DE RV - Val\u00e9rie Dauchez","robots":{"index":"index","follow":"follow","max-snippet":"max-snippet:-1","max-image-preview":"max-image-preview:large","max-video-preview":"max-video-preview:-1"},"canonical":"https:\/\/valeriedauchez.com\/prise-de-rv-2\/","og_locale":"en_US","og_type":"article","og_title":"PRISE DE RV - Val\u00e9rie Dauchez","og_description":"Si vous souhaitez en savoir plus sur &#8211; MON ACCOMPAGNEMENT: Ecrivez-moi un mail pour prendre un RV t\u00e9l\u00e9phonique (ou en visio) et que nous puissions voir ensemble ce dont vous...","og_url":"https:\/\/valeriedauchez.com\/prise-de-rv-2\/","og_site_name":"Val\u00e9rie Dauchez","article_publisher":"https:\/\/www.facebook.com\/VD-Coaching-150244235648675\/","article_modified_time":"2023-04-16T12:59:54+00:00","twitter_card":"summary_large_image","twitter_misc":{"Est. reading time":"1 minute"},"schema":{"@context":"https:\/\/schema.org","@graph":[{"@type":"WebPage","@id":"https:\/\/valeriedauchez.com\/prise-de-rv-2\/","url":"https:\/\/valeriedauchez.com\/prise-de-rv-2\/","name":"PRISE DE RV - Val\u00e9rie Dauchez","isPartOf":{"@id":"https:\/\/valeriedauchez.com\/#website"},"datePublished":"2021-09-08T12:36:26+00:00","dateModified":"2023-04-16T12:59:54+00:00","breadcrumb":{"@id":"https:\/\/valeriedauchez.com\/prise-de-rv-2\/#breadcrumb"},"inLanguage":"en-US","potentialAction":[{"@type":"ReadAction","target":["https:\/\/valeriedauchez.com\/prise-de-rv-2\/"]}]},{"@type":"BreadcrumbList","@id":"https:\/\/valeriedauchez.com\/prise-de-rv-2\/#breadcrumb","itemListElement":[{"@type":"ListItem","position":1,"name":"Accueil","item":"https:\/\/valeriedauchez.com\/"},{"@type":"ListItem","position":2,"name":"PRISE DE RV"}]},{"@type":"WebSite","@id":"https:\/\/valeriedauchez.com\/#website","url":"https:\/\/valeriedauchez.com\/","name":"Val\u00e9rie Dauchez","description":"Les jeunes sont le changement que nous voulons voir dans le monde!","publisher":{"@id":"https:\/\/valeriedauchez.com\/#organization"},"potentialAction":[{"@type":"SearchAction","target":{"@type":"EntryPoint","urlTemplate":"https:\/\/valeriedauchez.com\/?s={search_term_string}"},"query-input":"required name=search_term_string"}],"inLanguage":"en-US"},{"@type":"Organization","@id":"https:\/\/valeriedauchez.com\/#organization","name":"VD Coaching","url":"https:\/\/valeriedauchez.com\/","logo":{"@type":"ImageObject","inLanguage":"en-US","@id":"https:\/\/valeriedauchez.com\/#\/schema\/logo\/image\/","url":"https:\/\/apprendre-efficacement.fr\/wp-content\/uploads\/2018\/03\/LOGO-VD-Coahcing-1.jpg","contentUrl":"https:\/\/apprendre-efficacement.fr\/wp-content\/uploads\/2018\/03\/LOGO-VD-Coahcing-1.jpg","width":819,"height":819,"caption":"VD Coaching"},"image":{"@id":"https:\/\/valeriedauchez.com\/#\/schema\/logo\/image\/"},"sameAs":["https:\/\/www.facebook.com\/VD-Coaching-150244235648675\/"]}]}},"_links":{"self":[{"href":"https:\/\/valeriedauchez.com\/en\/wp-json\/wp\/v2\/pages\/12900","targetHints":{"allow":["GET"]}}],"collection":[{"href":"https:\/\/valeriedauchez.com\/en\/wp-json\/wp\/v2\/pages"}],"about":[{"href":"https:\/\/valeriedauchez.com\/en\/wp-json\/wp\/v2\/types\/page"}],"author":[{"embeddable":true,"href":"https:\/\/valeriedauchez.com\/en\/wp-json\/wp\/v2\/users\/1"}],"replies":[{"embeddable":true,"href":"https:\/\/valeriedauchez.com\/en\/wp-json\/wp\/v2\/comments?post=12900"}],"version-history":[{"count":25,"href":"https:\/\/valeriedauchez.com\/en\/wp-json\/wp\/v2\/pages\/12900\/revisions"}],"predecessor-version":[{"id":13481,"href":"https:\/\/valeriedauchez.com\/en\/wp-json\/wp\/v2\/pages\/12900\/revisions\/13481"}],"wp:attachment":[{"href":"https:\/\/valeriedauchez.com\/en\/wp-json\/wp\/v2\/media?parent=12900"}],"curies":[{"name":"wp","href":"https:\/\/api.w.org\/{rel}","templated":true}]}}

<p><strong>Si vous souhaitez en savoir plus sur </strong></p>
<p><strong>&#8211; MON ACCOMPAGNEMENT:</strong></p>
<p>Ecrivez-moi un mail pour prendre un RV téléphonique (ou en visio) et que nous puissions voir ensemble ce dont vous avez besoin (ou votre enfant) pour REPRENDRE LE CONTROLE DE VOTRE VIE !</p>
<p>@ : dauchez.val@gmail.com ou au 06 27 71 98 89</p>
<p> </p>




<br /><!-- Début de widget en ligne Calendly --></p>
 
<p><br /><!-- Fin de widget en ligne Calendly --><br />


<p><strong>Diagnostique des besoins réels du coaché: (45 min/1h)</strong></p>
<ul>
<li>
<h5>Prise de contact avec le coaché : demande d’informations </h5>
</li>
<li>
<h5>Définition des besoins réels et prioritaires du coaché </h5>
</li>
<li>
<h5>Mise en lumière des objectifs à atteindre</h5>
</li>
<li>
<h5>Prise d’engagement via un contrat</h5>
</li>
</ul>




<!-- Début de widget en ligne Calendly -->
<div class="calendly-inline-widget" data-url="https://calendly.com/dauchez-val/diagnostique-coaching" style="min-width:320px;height:630px;"></div>
<script type="text/javascript" src="https://assets.calendly.com/assets/external/widget.js" async=""></script>
<!-- Fin de widget en ligne Calendly -->

<p>Si vous souhaitez en savoir plus sur &#8211; MON ACCOMPAGNEMENT: Ecrivez-moi un mail pour prendre un RV téléphonique (ou en visio) et que nous puissions voir ensemble ce dont vous&#8230;</p>

<!-- This site is optimized with the Yoast SEO plugin v22.0 - https://yoast.com/wordpress/plugins/seo/ -->
<title>PRISE DE RV - Valérie Dauchez</title>
<meta name="robots" content="index, follow, max-snippet:-1, max-image-preview:large, max-video-preview:-1" />
<link rel="canonical" href="https://valeriedauchez.com/prise-de-rv-2/" />
<meta property="og:locale" content="en_US" />
<meta property="og:type" content="article" />
<meta property="og:title" content="PRISE DE RV - Valérie Dauchez" />
<meta property="og:description" content="Si vous souhaitez en savoir plus sur &#8211; MON ACCOMPAGNEMENT: Ecrivez-moi un mail pour prendre un RV téléphonique (ou en visio) et que nous puissions voir ensemble ce dont vous..." />
<meta property="og:url" content="https://valeriedauchez.com/prise-de-rv-2/" />
<meta property="og:site_name" content="Valérie Dauchez" />
<meta property="article:publisher" content="https://www.facebook.com/VD-Coaching-150244235648675/" />
<meta property="article:modified_time" content="2023-04-16T12:59:54+00:00" />
<meta name="twitter:card" content="summary_large_image" />
<meta name="twitter:label1" content="Est. reading time" />
	<meta name="twitter:data1" content="1 minute" />
<script type="application/ld+json" class="yoast-schema-graph">{"@context":"https://schema.org","@graph":[{"@type":"WebPage","@id":"https://valeriedauchez.com/prise-de-rv-2/","url":"https://valeriedauchez.com/prise-de-rv-2/","name":"PRISE DE RV - Valérie Dauchez","isPartOf":{"@id":"https://valeriedauchez.com/#website"},"datePublished":"2021-09-08T12:36:26+00:00","dateModified":"2023-04-16T12:59:54+00:00","breadcrumb":{"@id":"https://valeriedauchez.com/prise-de-rv-2/#breadcrumb"},"inLanguage":"en-US","potentialAction":[{"@type":"ReadAction","target":["https://valeriedauchez.com/prise-de-rv-2/"]}]},{"@type":"BreadcrumbList","@id":"https://valeriedauchez.com/prise-de-rv-2/#breadcrumb","itemListElement":[{"@type":"ListItem","position":1,"name":"Accueil","item":"https://valeriedauchez.com/"},{"@type":"ListItem","position":2,"name":"PRISE DE RV"}]},{"@type":"WebSite","@id":"https://valeriedauchez.com/#website","url":"https://valeriedauchez.com/","name":"Valérie Dauchez","description":"Les jeunes sont le changement que nous voulons voir dans le monde!","publisher":{"@id":"https://valeriedauchez.com/#organization"},"potentialAction":[{"@type":"SearchAction","target":{"@type":"EntryPoint","urlTemplate":"https://valeriedauchez.com/?s={search_term_string}"},"query-input":"required name=search_term_string"}],"inLanguage":"en-US"},{"@type":"Organization","@id":"https://valeriedauchez.com/#organization","name":"VD Coaching","url":"https://valeriedauchez.com/","logo":{"@type":"ImageObject","inLanguage":"en-US","@id":"https://valeriedauchez.com/#/schema/logo/image/","url":"https://apprendre-efficacement.fr/wp-content/uploads/2018/03/LOGO-VD-Coahcing-1.jpg","contentUrl":"https://apprendre-efficacement.fr/wp-content/uploads/2018/03/LOGO-VD-Coahcing-1.jpg","width":819,"height":819,"caption":"VD Coaching"},"image":{"@id":"https://valeriedauchez.com/#/schema/logo/image/"},"sameAs":["https://www.facebook.com/VD-Coaching-150244235648675/"]}]}</script>
<!-- / Yoast SEO plugin. -->

PRISE DE RV - Valérie Dauchez

Si vous souhaitez en savoir plus sur &#8211; MON ACCOMPAGNEMENT: Ecrivez-moi un mail pour prendre un RV téléphonique (ou en visio) et que nous puissions voir ensemble ce dont vous...

Valérie Dauchez
